{"id":8,"date":"2020-03-22T16:16:19","date_gmt":"2020-03-22T16:16:19","guid":{"rendered":"http:\/\/tietokanta.dy.fi\/linux\/?page_id=8"},"modified":"2025-01-09T10:08:36","modified_gmt":"2025-01-09T07:08:36","slug":"kurssin-kuvaus","status":"publish","type":"page","link":"http:\/\/tietokanta.dy.fi\/linux\/","title":{"rendered":"Kurssin kuvaus"},"content":{"rendered":"\n<p>Teht\u00e4v\u00e4t ja materiaali  2025<\/p>\n\n\n\n<ul><li>osaa      palvelimien verkkok\u00e4ytt\u00f6j\u00e4rjestelmien asennuksen ja niiden p\u00e4\u00e4k\u00e4ytt\u00e4j\u00e4n      perusteht\u00e4v\u00e4t<\/li><li>osaa asentaa hakemistopalvelut ja ymm\u00e4rt\u00e4\u00e4 niiden toimintaperiaatteet<\/li><li>osaa luoda ja hallita palvelimien resursseja, palvelink\u00e4ytt\u00e4ji\u00e4 ja -k\u00e4ytt\u00e4j\u00e4ryhmi\u00e4 sek\u00e4 niiden ominaisuuksia<\/li><li>osaa      asentaa palvelimien erillispalveluja<\/li><li>hallitsee palvelimien et\u00e4k\u00e4yt\u00f6n<\/li><li>hallitsee palvelimien perus tietoturva-asiat<\/li><\/ul>\n\n\n\n<ul><li>osaa ottaa huomioon palvelimien vikasietoisuuden ja      varmistuksen<\/li><li>osaa projektity\u00f6skentelyn periaatteet ja osaa toimia      projektin j\u00e4senen\u00e4<\/li><\/ul>\n\n\n\n<p><\/p>\n\n\n\n<p><\/p>\n\n\n\n<p><\/p>\n\n\n\n<p><\/p>\n\n\n\n<p><\/p>\n\n\n\n<p><\/p>\n\n\n\n<p><\/p>\n\n\n\n<p><\/p>\n\n\n\n<p><\/p>\n\n\n\n<p><\/p>\n\n\n\n<p><\/p>\n\n\n\n<p><\/p>\n\n\n\n<p><\/p>\n\n\n\n<p><\/p>\n\n\n\n<p><\/p>\n\n\n\n<p><\/p>\n\n\n\n<p><\/p>\n\n\n\n<p><\/p>\n\n\n\n<p><\/p>\n","protected":false},"excerpt":{"rendered":"<p>Teht\u00e4v\u00e4t ja materiaali 2025 osaa palvelimien verkkok\u00e4ytt\u00f6j\u00e4rjestelmien asennuksen ja niiden p\u00e4\u00e4k\u00e4ytt\u00e4j\u00e4n perusteht\u00e4v\u00e4t osaa asentaa hakemistopalvelut ja ymm\u00e4rt\u00e4\u00e4 niiden toimintaperiaatteet osaa luoda ja hallita palvelimien resursseja, palvelink\u00e4ytt\u00e4ji\u00e4 ja -k\u00e4ytt\u00e4j\u00e4ryhmi\u00e4 sek\u00e4 niiden ominaisuuksia osaa asentaa palvelimien erillispalveluja hallitsee palvelimien et\u00e4k\u00e4yt\u00f6n hallitsee palvelimien perus tietoturva-asiat osaa ottaa huomioon palvelimien vikasietoisuuden ja varmistuksen osaa projektity\u00f6skentelyn periaatteet ja osaa toimia &hellip; <a href=\"http:\/\/tietokanta.dy.fi\/linux\/\" class=\"more-link\">Continue reading <span class=\"screen-reader-text\">Kurssin kuvaus<\/span> <span class=\"meta-nav\">&rarr;<\/span><\/a><\/p>\n","protected":false},"author":1,"featured_media":0,"parent":0,"menu_order":0,"comment_status":"closed","ping_status":"closed","template":"","meta":[],"_links":{"self":[{"href":"http:\/\/tietokanta.dy.fi\/linux\/index.php\/wp-json\/wp\/v2\/pages\/8"}],"collection":[{"href":"http:\/\/tietokanta.dy.fi\/linux\/index.php\/wp-json\/wp\/v2\/pages"}],"about":[{"href":"http:\/\/tietokanta.dy.fi\/linux\/index.php\/wp-json\/wp\/v2\/types\/page"}],"author":[{"embeddable":true,"href":"http:\/\/tietokanta.dy.fi\/linux\/index.php\/wp-json\/wp\/v2\/users\/1"}],"replies":[{"embeddable":true,"href":"http:\/\/tietokanta.dy.fi\/linux\/index.php\/wp-json\/wp\/v2\/comments?post=8"}],"version-history":[{"count":8,"href":"http:\/\/tietokanta.dy.fi\/linux\/index.php\/wp-json\/wp\/v2\/pages\/8\/revisions"}],"predecessor-version":[{"id":734,"href":"http:\/\/tietokanta.dy.fi\/linux\/index.php\/wp-json\/wp\/v2\/pages\/8\/revisions\/734"}],"wp:attachment":[{"href":"http:\/\/tietokanta.dy.fi\/linux\/index.php\/wp-json\/wp\/v2\/media?parent=8"}],"curies":[{"name":"wp","href":"https:\/\/api.w.org\/{rel}","templated":true}]}}